, 256199
What are the prime factors of 30651798?
2, 3, 59, 86587
What are the prime factors of 4752179?
4752179
List the prime factors of 96125777.
11, 8738707
List the prime factors of 15961901.
43, 317, 1171
List the prime factors of 394291446.
2, 3, 4621, 14221
What are the prime factors of 120776878?
2, 60388439
List the prime factors of 170539463.
31, 5501273
What are the prime factors of 317496329?
317496329
List the prime factors of 65553169.
11, 433, 13763
List the prime factors of 76329855.
3, 5, 7, 167, 1451
What are the prime factors of 55586512?
2, 109, 31873
List the prime factors of 118389616.
2, 47, 157433
What are the prime factors of 211882971?
3, 70627657
What are the prime factors of 2681896745?
5, 11, 48761759
List the prime factors of 1023561454.
2, 511780727
List the prime factors of 154703367.
3, 7, 13, 47, 4019
List the prime factors of 52584040.
2, 5, 1314601
List the prime factors of 1258783525.
5, 599, 84059
What are the prime factors of 29413930?
2, 5, 7, 13, 32323
List the prime factors of 35168751.
3, 277, 14107
List the prime factors of 4248457108.
2, 7, 151730611
What are the prime factors of 91985877?
3, 10220653
List the prime factors of 40328653.
40328653
List the prime factors of 155198470.
2, 5, 7, 1489
List the prime factors of 238312887.
3, 79437629
List the prime factors of 3167885585.
5, 563, 1125359
What are the prime factors of 59171484?
2, 3, 29, 193, 881
List the prime factors of 119468912.
2, 7466807
What are the prime factors of 2128690951?
2128690951
What are the prime factors of 12657888?
2, 3, 43951
What are the prime factors of 543634962?
2, 3, 13, 89, 78311
List the prime factors of 14374738.
2, 7, 146681
List the prime factors of 587475707.
7, 13, 29, 222613
List the prime factors of 2891197318.
2, 1445598659
What are the prime factors of 51899913?
3, 13, 147863
What are the prime factors of 63106349?
29, 37, 103, 571
What are the prime factors of 182326754?
2, 41, 2223497
List the prime factors of 4476654445.
5, 895330889
What are the prime factors of 286336490?
2, 5, 11, 2603059
What are the prime factors of 28552242?
2, 3, 4758707
List the prime factors of 73139455.
5, 19, 97, 7937
List the prime factors of 241142585.
5, 19, 133597
What are the prime factors of 136771839?
3, 15196871
List the prime factors of 529946804.
2, 577, 229613
List the prime factors of 296034072.
2, 3, 3203, 3851
What are the prime factors of 25642329?
3, 463, 18461
What are the prime factors of 4332423278?
2, 67, 179, 180623
What are the prime factors of 111735596?
2, 7, 83, 48079
List the prime factors of 2722129291.
7, 347, 22871
List the prime factors of 20215813.
29, 31, 113, 199
What are the prime factors of 4836913895?
5, 11, 726809
What are the prime factors of 42558009?
3, 13, 31, 35201
List the prime factors of 58592970.
2, 3, 5, 72337
What are the prime factors of 152234369?
7, 29, 749923
List the prime factors of 33249790.
2, 5, 7, 17, 27941
List the prime factors of 4749344622.
2, 3, 11, 1381, 1579
List the prime factors of 443061966.
2, 3, 73, 431, 2347
What are the prime factors of 2389557762?
2, 3, 19, 1693, 4127
What are the prime factors of 10718248?
2, 1339781
List the prime factors of 34849375.
5, 11, 37, 137
What are the prime factors of 1052368235?
5, 8689, 24223
List the prime factors of 55933389.
3, 41, 50527
List the prime factors of 8261799534.
2, 3, 109, 701, 6007
List the prime factors of 25039096.
2, 17, 184111
List the prime factors of 434574683.
434574683
What are the prime factors of 6789326?
2, 3394663
List the prime factors of 227063446.
2, 29, 3914887
What are the prime factors of 59889186?
2, 3, 7, 47, 3371
List the prime factors of 199739590.
2, 5, 19, 23, 45707
What are the prime factors of 76725688?
2, 13, 737747
List the prime factors of 134754661.
134754661
List the prime factors of 460305205.
5, 31, 757, 3923
What are the prime factors of 78485483?
78485483
What are the prime factors of 248963300?
2, 5, 17, 146449
What are the prime factors of 2354817735?
3, 5, 47, 59, 113, 167
What are the prime factors of 23040454?
2, 11520227
List the prime factors of 212628736.
2, 83, 10007
What are the prime factors of 48296738?
2, 7, 3449767
What are the prime factors of 1758724488?
2, 3, 29, 31, 3019
What are the prime factors of 1983804283?
1983804283
List the prime factors of 342284076.
2, 3, 3169297
List the prime factors of 54186395.
5, 17, 317, 2011
What are the prime factors of 10921023?
3, 29, 41843
What are the prime factors of 133337074?
2, 13, 5128349
What are the prime factors of 3306723042?
2, 3, 7, 78731501
What are the prime factors of 102781155?
3, 5, 6852077
List the prime factors of 4290729305.
5, 858145861
What are the prime factors of 432813604?
2, 108203401
List the prime factors of 1293221058.
2, 3, 6073, 35491
What are the prime factors of 375023207?
13, 71, 406309
List the prime factors of 121618604.
2, 79, 409, 941
What are the prime factors of 2863605400?
2, 5, 14318027
What are the prime factors of 534170902?
2, 19, 83, 257, 659
What are the prime factors of 63594269?
61, 1042529
What are the prime factors of 208476850?
2, 5, 127, 32831
What are the prime factors of 157136899?
17, 2399, 3853
What are the prime factors of 498327711?
3, 7, 73, 173, 1879
List the prime factors of 515264745.
3, 5, 23, 113, 13217
List the prime factors of 5000932.
2, 97, 12889
What are the prime factors of 2215822685?
5, 241, 809, 2273
List the prime factors of 770767290.
2, 3, 5, 2309, 3709
What are the prime factors of 300245467?
19, 863, 18311
List the prime factors of 744688014.
2, 3, 7, 19, 31, 30103
What are the prime factors of 51073386?
2, 3, 7, 13, 23, 83
List the prime factors of 1568223607.
293, 5352299
List the prime factors of 481836485.
5, 13, 19, 390151
List the prime factors of 54227153.
31, 1749263
What are the prime factors of 164121596?
2, 4441, 9239
List the prime factors of 62572253.
62572253
List the prime factors of 41256075.
3, 5, 7, 78583
List the prime factors of 6301794685.
5, 17, 29, 2556509
List the prime factors of 263875518.
2, 3, 3547, 4133
What are the prime factors of 43155612?
2, 3, 19, 21031
List the prime factors of 455362171.
11, 2927, 14143
List the prime factors of 545340732.
2, 3, 61, 745001
List the prime factors of 219365460.
2, 3, 5, 281, 4337
What are the prime factors of 224634351?
3, 74878117
List the prime factors of 808547766.
2, 3, 13, 31, 334387
List the prime factors of 56064482.
2, 29, 89, 10861
What are the prime factors of 6376497771?
3, 7, 303642751
What are the prime factors of 791596688?
2, 49474793
List the prime factors of 9285552.
2, 3, 64483
What are the prime factors of 556796437?
556796437
List the prime factors of 108483516.
2, 3, 1004477
List the prime factors of 216727650.
2, 3, 5, 59, 907
List the prime factors of 17591075.
5, 703643
List the prime factors of 244744407.
3, 53, 389, 1319
List the prime factors of 80218199.
239, 335641
What are the prime factors of 31244676?
2, 3, 2603723
What are the prime factors of 4761322073?
17, 280077769
What are the prime factors of 5895235799?
41, 9533, 15083
List the prime factors of 1410342561.
3, 53, 2956693
What are the prime factors of 28274324?
2, 13, 103, 5279
What are the prime factors of 348312947?
919, 379013
What are the prime factors of 5655143987?
383, 14765389
What are the prime factors of 1505236215?
3, 5, 7, 3583, 4001
List the prime factors of 7038601201.
7038601201
What are the prime factors of 603065470?
2, 5, 7, 2789, 3089
List the prime factors of 3765518341.
13, 289655257
List the prime factors of 6660156651.
3, 2220052217
List the prime factors of 114770261.
3517, 32633
List the prime factors of 7745237.
647, 11971
List the prime factors of 102917098.
2, 51458549
What are the prime factors of 86433611?
11, 31, 47, 5393
What are the prime factors of 3371591504?
2, 17, 29, 427433
List the prime factors of 1980537721.
1980537721
List the prime factors of 41387069.
41387069
List the prime factors of 440767340.
2, 5, 13, 1695259
List the prime factors of 262092544.
2, 7, 23, 6359
List the prime factors of 1425725009.
17, 83866177
List the prime factors of 1396117478.
2, 7, 29, 3438713
What are the prime factors of 84355704?
2, 3, 353, 3319
List the p